 651849580 and 5640.
940
What is the highest common factor of 4627002 and 198?
6
Calculate the highest common divisor of 986 and 8518.
2
What is the highest common factor of 185171 and 2463908?
3779
What is the highest common divisor of 609066208 and 544?
544
What is the greatest common divisor of 3044 and 419648884?
3044
Calculate the greatest common divisor of 49 and 2295790.
7
What is the greatest common divisor of 84 and 18173008?
28
Calculate the greatest common divisor of 4125 and 539.
11
Calculate the highest common divisor of 10848 and 472076032.
3616
What is the greatest common factor of 1078 and 471988?
22
What is the greatest common divisor of 105 and 1714629?
21
Calculate the highest common factor of 84 and 2125212.
12
Calculate the greatest common divisor of 17079496 and 168.
56
Calculate the highest common factor of 48813300 and 58075.
2525
Calculate the highest common factor of 380 and 1711067420.
380
What is the greatest common divisor of 19978042 and 41006?
406
What is the greatest common divisor of 41119148 and 146?
146
What is the greatest common factor of 70506 and 525762?
18
What is the highest common factor of 29686800 and 1149412?
7612
Calculate the greatest common divisor of 732463248 and 2442.
2442
Calculate the greatest common divisor of 256096 and 162392.
424
Calculate the greatest common factor of 5786 and 8778.
22
Calculate the greatest common factor of 353 and 57851052.
353
Calculate the greatest common factor of 197796 and 5604.
12
What is the greatest common factor of 294 and 989928?
6
What is the greatest common factor of 4034 and 165306?
2
Calculate the greatest common factor of 192479 and 42749.
217
What is the highest common factor of 563 and 18437687?
563
What is the highest common factor of 5266625 and 4095?
455
What is the highest common divisor of 112347 and 113004?
657
What is the greatest common factor of 190 and 7778885?
95
What is the highest common factor of 7537991 and 124?
31
What is the greatest common divisor of 884 and 2721836?
884
Calculate the highest common factor of 8 and 532100.
4
What is the greatest common divisor of 482185 and 550727?
797
What is the greatest common divisor of 372762 and 216918?
2106
Calculate the greatest common divisor of 14979723 and 121.
11
What is the highest common divisor of 346090 and 2101354?
1306
What is the greatest common divisor of 8299740 and 23460?
1020
Calculate the greatest common divisor of 10031688 and 1644.
1644
What is the highest common factor of 27429262 and 833?
119
What is the highest common divisor of 10668 and 40544?
28
What is the highest common factor of 76950 and 968050?
950
What is the highest common factor of 59473960 and 1638?
182
What is the highest common factor of 38080 and 605710?
1190
Calculate the highest common factor of 5518187 and 804.
67
What is the greatest common factor of 10656 and 15068250?
666
Calculate the highest common divisor of 1817 and 124956907.
1817
Calculate the highest common divisor of 624 and 38002198.
26
Calculate the greatest common factor of 7730603 and 18938.
557
Calculate the highest common divisor of 13184176 and 1178.
1178
Calculate the greatest common divisor of 186473947 and 298.
149
Calculate the greatest common divisor of 233 and 241215114.
233
Calculate the highest common factor of 6587 and 5093633.
941
What is the greatest common factor of 1 and 32362223?
1
What is the greatest common divisor of 525 and 1515075?
75
Calculate the highest common factor of 6422861 and 80383.
2593
What is the highest common divisor of 30 and 26949765?
15
What is the greatest common divisor of 5207944 and 2072?
56
What is the greatest common factor of 18 and 200526633?
9
What is the greatest common divisor of 500 and 1436736500?
500
Calculate the greatest common factor of 46 and 1204597446.
46
Calculate the highest common factor of 50496 and 97176.
24
Calculate the highest common factor of 295971 and 507.
39
What is the greatest common factor of 88173 and 211557?
291
What is the greatest common divisor of 526523193 and 133?
133
Calculate the greatest common divisor of 11685970 and 11673.
1297
What is the greatest common factor of 111 and 50472551?
37
Calculate the highest common factor of 85504 and 17632.
32
Calculate the greatest common factor of 8192 and 2724096.
256
Calculate the greatest common divisor of 1548 and 448659936.
1548
Calculate the highest common factor of 36917 and 1025411.
551
Calculate the highest common factor of 103720 and 117620.
20
What is the highest common divisor of 1218065 and 5?
5
Calculate the highest common factor of 27648327 and 7662.
3831
Calculate the greatest common divisor of 414 and 24471.
9
Calculate the highest common factor of 1720 and 38050.
10
What is the highest common factor of 28032 and 10848?
96
Calculate the highest common divisor of 1308 and 43476.
12
Calculate the highest common factor of 124741758 and 12.
6
What is the greatest common factor of 168354336 and 96?
96
What is the highest common divisor of 1008870 and 66?
6
What is the highest common divisor of 46 and 1376376?
2
What is the greatest common factor of 360248 and 50408?
8
Calculate the greatest common factor of 756 and 2397924.
108
What is the greatest common divisor of 1575114 and 6?
6
Calculate the greatest common factor of 7096265 and 385.
55
Calculate the greatest common factor of 266 and 26579518.
266
What is the highest common divisor of 415845088 and 215?
43
Calculate the greatest common factor of 45190021 and 2.
1
Calculate the greatest common factor of 16512 and 874491.
129
What is the greatest common factor of 238825 and 12349?
233
What is the highest common divisor of 3302016 and 768?
384
Calculate the greatest common factor of 1191635 and 168360.
305
Calculate the highest common divisor of 1343 and 450537.
79
What is the greatest common factor of 40986 and 847?
11
What is the greatest common factor of 1155444 and 4?
4
Calculate the greatest common factor of 76422200 and 278.
278
Calculate the highest common divisor of 144721544 and 527.
17
Calculate the greatest common divisor of 704 and 316281152.
704
What is the greatest common divisor of 1127825 and 58115?
985
Calculate the highest common divisor of 116485685 and 575.
115
Calculate the greatest common divisor of 43 and 4724161933.
43
Calculate the greatest common factor of 529641 and 10332203.
8407
Calculate the greatest common factor of 457144 and 6456.
8
What is the highest common divisor of 2200 and 460680?
440
Calculate the greatest common factor of 4125060 and 42660.
540
Calculate the highest common divisor of 171503011 and 1405.
281
Calculate the greatest common factor of 3548984 and 3341672.
4936
What is the greatest common divisor of 198 and 14406722?
22
What is the highest common factor of 33671 and 7491?
11
Calculate the highest common factor of 1320 and 905410.
110
Calculate the greatest common divisor of 11742 and 10541844.
618
Calculate the highest common factor of 8 and 231222476.
4
What is the highest common factor of 80856 and 86598?
18
Calculate the greatest common factor of 35280 and 6882687.
441
Calculate the highest common factor of 31455687 and 732.
183
Calculate the highest common divisor of 21855 and 158441.
31
What is the highest common factor of 143 and 470886?
13
Calculate the greatest common divisor of 637 and 145063.
1
Calculate the highest common divisor of 33962470 and 4910.
4910
Calculate the highest common divisor of 1111 and 12070718.
11
What is the highest common factor of 144 and 624452904?
72
Calculate the highest common divisor of 24434 and 4529292.
1286
Calculate the greatest common divisor of 16428 and 47292.
12
Calculate the greatest common divisor of 222040275 and 485.
485
Calculate the greatest common factor of 16548 and 356244.
84
What is the highest common divisor of 67529584 and 80?
16
What is the highest common divisor of 439933158 and 126?
126
Calculate the greatest common factor of 17758773 and 135.
9
Calculate the greatest common factor of 2372139 and 1155.
231
Calculate the highest common divisor of 25 and 944585375.
25
Calculate the highest common divisor of 962000 and 42900.
1300
Calculate the highest common divisor of 180737 and 712031.
1213
Calculate the highest common divisor of 155 and 9